 + (4 - 0/(-5)). Calculate the remainder when 20/2*(i + 14) is divided by 23.
20
Let q(n) = -33*n**2 + n + 2. Let d be q(-1). What is the remainder when (248/10)/(d/(-80)) is divided by 34?
28
Suppose 58 = 2*c - 3*i, 2*c + 3*c + 3*i = 166. Suppose 0*a - 2527 = -7*a. Let j = a + -299. What is the remainder when j is divided by c?
30
Let d = -31 - -57. Let q = -11 + d. Suppose -4*o + q = -o. What is the remainder when 7 is divided by o?
2
Suppose -4*l = -4*l - 2*l. Suppose -d - 5 = -l*d. Let k(h) = -4*h - 16. What is the remainder when k(d) is divided by 4?
0
Suppose 0 = h - 8 - 12. Let d be 32/(-6) + h/(-30). Calculate the remainder when 68 is divided by 28 + (-6 - (d + 4)).
20
Suppose -b = 2*q - 48, 3*q + 2*b - 76 = -6. Suppose d + 3*i = q, 0*d + 5*i = 4*d - 121. What is the remainder when 6924/84 - (-6)/(-14) is divided by d?
24
Suppose -4*h + 162 = -h. Suppose -2*m - h = -j + 37, -4*j = 2*m - 384. What is the remainder when j is divided by 44?
7
Let i(r) = -3*r**3 - 3 - 8*r + 6 - 2*r**2 - 10. Let q be i(-2). Suppose 5*z + q = p, 3*z - 38 = -2*p + z. What is the remainder when 59 is divided by p?
19
Let l be 0/((-2 + 1)*-1) - 0. Let m be (4 - l/5) + 1. Suppose -189 = -3*x - m*j, x - 5*j - 21 = 62. What is the remainder when x is divided by 19?
11
Let r(g) = g**2 + 3. Let q be -11*(-10)/(-38) + (-238)/2261. Calculate the remainder when 120/80*(q - -33) is divided by r(3).
9
What is the remainder when ((-140)/(-700))/(1/620) is divided by 54?
16
Suppose -2*p = -11 - 39. Suppose 0 = 3*b + 2*b - p. Calculate the remainder when b is divided by -3*((-280)/21)/10.
1
Let z(o) = -8*o**3 - 8*o**2 - 47*o - 66. What is the remainder when z(-2) is divided by 16?
12
Calculate the remainder when 5411/28 - (-3)/4 is divided by 100.
94
Let x be 1 + -2 + 1448 + (0 - 2). Suppose -5*c + 2120 + x = 0. Suppose -7*h = 97 - c. What is the remainder when h is divided by 31?
26
Let v(k) = -k - 3. Let j(d) = 2*d + 3. Let b(g) = -7*j(g) - 6*v(g). Let o = -114 + 110. Calculate the remainder when b(o) is divided by 8.
5
Suppose -6*j - 6 = -8*j. Suppose -j*s - 167 = -14. Let f = s + 56. What is the remainder when 7 is divided by f?
2
Suppose h + 5*l + 10 = 30, 5*h - l + 4 = 0. Suppose 0*b - b + 5*n + 18 = h, 5*b - 2*n = 205. Calculate the remainder when 165 is divided by b.
36
Let w = -366 - -427. Suppose -5*r - 5*p = -135, -4*r + 29 + w = -5*p. Calculate the remainder when 106 is divided by r.
6
Let p(i) = i**2 + 8*i - 48. Let a be p(-12). Let h(x) = -x**3 - 2*x**2 + 3*x + 40. Calculate the remainder when 117 is divided by h(a).
37
Suppose 0 = 4*x - 0*p - 5*p - 59, 3*p = 15. Suppose 9*j - 684 = 6*j. What is the remainder when j is divided by x?
18
Calculate the remainder when 84 is divided by (-4)/(48/(-60)) + 8.
6
Let z(x) be the first derivative of 9*x**2/2 - 212*x - 80. Calculate the remainder when z(30) is divided by 21.
16
Let n(j) = -2*j**2 - 24*j + 2. Let o = -89 - -87. What is the remainder when 167 is divided by n(o)?
41
Suppose 5*a + 14*w = 9*w + 660, -2*a = -3*w - 259. Suppose -67*c - a = -68*c. Calculate the remainder when c is divided by 39.
14
Suppose -p + 7 = 4, -5*y - p = 1997. Let u = y + 442. Calculate the remainder when 124 is divided by u.
40
Let a = 276 - 294. Calculate the remainder when 789 is divided by (-12)/a*78/4.
9
Suppose -5*s + 53 = w, 19*w - 22*w = -s + 1. What is the remainder when 2668 is divided by s?
8
Suppose 24*j - 21476 = 64780. What is the remainder when j is divided by 11?
8
Calculate the remainder when 372 is divided by (-3 - -2)/(-198 - -190 - 3406/(-426)).
159
Suppose 3*j = r + 42 - 46, -3*r + 12 = -3*j. Suppose r*b + 5*n = 19, -26 = -4*b - 3*n - 5. Calculate the remainder when 160 is divided by b.
4
Suppose 1972 = 2*u - 4*x, -9*x = -5*u - 10*x + 4941. Calculate the remainder when u is divided by 486.
16
Let i(m) = 403*m - 12. Let j be i(1). Suppose j = 19*f + 11. What is the remainder when 59 is divided by f?
19
Suppose 5*u - 21 = -c, 4*u = c + 2*u. Suppose 2*d = 5*d + c*d. Suppose 2*x - 21 + 11 = d. Calculate the remainder when x is divided by 3.
2
Suppose 3*j = 2*l + 137, 0 = 2*j + 2*l - 101 + 3. What is the remainder when j is divided by (2 - (-16 + 5)) + 1?
5
Let q be (72/3)/(-3)*(-1767)/(-19). Let d = q + 1861. Calculate the remainder when d is divided by 14.
11
Suppose 0 = 4*b - 8, -3*b - b = -2*p + 454. Suppose 79 = -8*h + p. Calculate the remainder when 264 is divided by h.
17
Let z = 497 - 479. Let s(f) = 37*f - 12. Calculate the remainder when s(2) is divided by z.
8
Suppose 4*u = 5*i - 31, -2*i = -5*i + 4*u + 25. Suppose 464*o - 780 = 444*o. Calculate the remainder when o is divided by i.
0
Let m(f) = -f**2 - 17*f - 55. Let o be m(-9). Let s = 200 - o. What is the remainder when s is divided by 37?
35
Let c(z) = -z**3 + 67*z**2 - 138*z + 604. What is the remainder when 142 is divided by c(65)?
58
Let a(h) = -255*h**3 - 8*h**2 + 9*h + 16. What is the remainder when a(-1) is divided by 93?
68
Suppose 0 = -2*z + 3*b + 53, 150 = 3*z + 5*b + 99. What is the remainder when 483 is divided by z?
21
Suppose -420 = 85065*x - 85086*x. Calculate the remainder when 593 is divided by x.
13
Let w(n) = -489*n**3 + 5*n**2 + 19*n + 14. What is the remainder when 2937 is divided by w(-1)?
3
Let k(l) = -l**3 - 71*l**2 - 12*l - 822. Let y = 2 - -1. Suppose m + 5*a = -14, y*a = -2*m + 13 - 6. Calculate the remainder when k(-71) is divided by m.
8
Let s be -1 + (10/5)/((-2)/(-57)). Suppose 4*k + m - s = 0, -2*k = -5*k + 3*m + 57. Suppose 13 = -k*u + 43. What is the remainder when 8 is divided by u?
0
Let j = -1281 + 1301. Suppose 52 = q - 0*q. Suppose -4*h + q + j = 0. What is the remainder when 70 is divided by h?
16
Suppose -72*k + 3362 = -11038. What is the remainder when 3998 is divided by k?
198
Let x(a) = 12*a - 43. Let d(j) = -6*j + 22. Let v = -51 - -37. Let k(q) = v*d(q) - 6*x(q). Calculate the remainder when 14 is divided by k(5).
4
Suppose -3 = -3*t + 4*t, 4*t = 4*q - 164. Suppose 2*x = 56 - q. Calculate the remainder when 565 is divided by x.
7
Let n(s) = 16*s - 27. What is the remainder when n(39) is divided by 155?
132
Suppose -284*d - 2562 = -290*d. Calculate the remainder when d is divided by 72.
67
Suppose 32 = 1099*w - 1100*w. Let v(f) = 7*f**2 - 6*f + 1. Let g be v(4). Let k = w + g. What is the remainder when k is divided by 15?
12
Let c = -4091 - -8150. Suppose 863 - c = -17*v. Calculate the remainder when v is divided by 27.
26
Suppose -2*i = -50 - 16. What is the remainder when i is divided by 6/(-14) - (32 + (-5502)/147)?
3
Let m = 71 - 67. Suppose -5*x + 1053 = 3*d - 2*d, 4*x = m*d + 852. What is the remainder when x is divided by 43?
39
Let i(q) = -q**3 + 6*q**2 - 5*q + 3. Suppose -d + 1320 = 10*d. Calculate the remainder when d/100*(-50)/(-4) is divided by i(5).
0
Let z be (-4 + 3)/((-2)/(0 - -26)). Suppose -72 = -z*c + c. What is the remainder when 22 is divided by c + 1/((-4)/8) - 1?
1
Let y(u) = 24*u - 55*u - 92 + 4*u**2 - 3*u**2 + 15*u. What is the remainder when 172 is divided by y(21)?
3
Let r be (-140)/24 + 6 + 113/6. Let o = 92 + r. Calculate the remainder when o is divided by 56.
55
Let c(n) = -n + 6. Suppose 0 = -16*q - 0. Let l be c(q). Calculate the remainder when 117 is divided by (-2 - (1 - l)) + 37.
37
Let i = -3323 + 3383. Calculate the remainder when i is divided by 46.
14
Suppose 3*i = -w + 74, -2*i + 7*w - 10*w + 61 = 0. Let x be 3/(-1*(1 - 0)). What is the remainder when (x + 38)*2 + -2 is divided by i?
22
Suppose 24*i + 3*i + 62*i - 6052 = 0. What is the remainder when i is divided by 41?
27
Suppose -4*w - 9 = -4*j + 39, 5*j - 2*w = 51. Let x be (5 + -1)/(12/8 - 2). What is the remainder when (-3*(-10)/x)/(12/(-80)) is divided by j?
7
Let b = 330 + -335. Let q(w) = 18*w + 129. What is the remainder when q(b) is divided by 17?
5
Suppose -24*s - 209 = -25*s + 3*d, 4 = 2*d. What is the remainder when s is divided by 182?
33
Let v(t) = t**2 - 13*t - 27. Let k be v(-2). Suppose l + 5*f - 9*f - 31 = 0, k*l = 5*f + 100. What is the remainder when l is divided by 8?
3
Let y(p) = 21*p**3 - 9*p + 10. Let f = 238 + -236. Calculate the remainder when y(f) is divided by 9.
7
Let g = -9914 + 11963. Calculate the remainder when g is divided by 7.
5
Let a be (-15)/10 + 3 - 6/4. Suppose a*g - 420 = -12*g.